at is the remainder when 177884 is divided by 296?
284
Calculate the remainder when 41946 is divided by 4644.
150
Calculate the remainder when 1862558 is divided by 160.
158
What is the remainder when 2473 is divided by 111?
31
Calculate the remainder when 238584 is divided by 54.
12
What is the remainder when 2840 is divided by 564?
20
Calculate the remainder when 236 is divided by 40.
36
Calculate the remainder when 63355 is divided by 146.
137
What is the remainder when 2637 is divided by 16?
13
Calculate the remainder when 6216 is divided by 200.
16
What is the remainder when 294123 is divided by 707?
11
Calculate the remainder when 1926 is divided by 1925.
1
What is the remainder when 7258 is divided by 2376?
130
Calculate the remainder when 9874 is divided by 3.
1
What is the remainder when 342 is divided by 67?
7
What is the remainder when 6136 is divided by 763?
32
What is the remainder when 18096 is divided by 131?
18
Calculate the remainder when 604251 is divided by 1620.
1611
Calculate the remainder when 1267835 is divided by 121.
118
What is the remainder when 3569 is divided by 37?
17
What is the remainder when 1032007 is divided by 262?
251
Calculate the remainder when 6783 is divided by 77.
7
Calculate the remainder when 1936 is divided by 116.
80
What is the remainder when 136106 is divided by 108?
26
What is the remainder when 16768 is divided by 2436?
2152
Calculate the remainder when 369279 is divided by 1109.
1091
Calculate the remainder when 13867 is divided by 16.
11
What is the remainder when 57181 is divided by 65?
46
What is the remainder when 2136617 is divided by 594?
593
Calculate the remainder when 307630 is divided by 7503.
7
Calculate the remainder when 12319 is divided by 1590.
1189
What is the remainder when 2705 is divided by 297?
32
Calculate the remainder when 4401 is divided by 47.
30
Calculate the remainder when 2186 is divided by 25.
11
Calculate the remainder when 757 is divided by 222.
91
What is the remainder when 1177 is divided by 224?
57
What is the remainder when 9448 is divided by 66?
10
Calculate the remainder when 5842 is divided by 819.
109
What is the remainder when 3751 is divided by 156?
7
Calculate the remainder when 50949 is divided by 25421.
107
Calculate the remainder when 402 is divided by 155.
92
What is the remainder when 8844 is divided by 636?
576
Calculate the remainder when 1447293 is divided by 706.
699
What is the remainder when 62061 is divided by 2817?
87
What is the remainder when 46977 is divided by 474?
51
Calculate the remainder when 340152 is divided by 49.
43
Calculate the remainder when 1236021 is divided by 8.
5
Calculate the remainder when 6017 is divided by 372.
65
What is the remainder when 1450 is divided by 81?
73
What is the remainder when 103522 is divided by 32?
2
Calculate the remainder when 119548 is divided by 102.
4
What is the remainder when 303768 is divided by 170?
148
What is the remainder when 22452 is divided by 2806?
4
Calculate the remainder when 48284 is divided by 4021.
32
What is the remainder when 4004 is divided by 1334?
2
Calculate the remainder when 252454 is divided by 28.
6
Calculate the remainder when 10300 is divided by 1560.
940
What is the remainder when 4135 is divided by 822?
25
Calculate the remainder when 3589 is divided by 112.
5
What is the remainder when 31740 is divided by 1862?
86
Calculate the remainder when 110121 is divided by 592.
9
Calculate the remainder when 1540 is divided by 419.
283
What is the remainder when 15717 is divided by 101?
62
What is the remainder when 19004 is divided by 29?
9
What is the remainder when 120605 is divided by 81?
77
Calculate the remainder when 4542 is divided by 3965.
577
What is the remainder when 8373 is divided by 301?
246
What is the remainder when 136754 is divided by 34187?
6
What is the remainder when 238600 is divided by 53?
47
What is the remainder when 903539 is divided by 112940?
19
Calculate the remainder when 28031 is divided by 172.
167
Calculate the remainder when 1196 is divided by 596.
4
What is the remainder when 12150 is divided by 12130?
20
What is the remainder when 64571 is divided by 21423?
302
Calculate the remainder when 9391 is divided by 762.
247
Calculate the remainder when 85604 is divided by 57.
47
What is the remainder when 33254 is divided by 10979?
317
What is the remainder when 7008 is divided by 581?
36
Calculate the remainder when 7418 is divided by 436.
6
What is the remainder when 50044 is divided by 22?
16
What is the remainder when 18485 is divided by 7?
5
Calculate the remainder when 330 is divided by 115.
100
Calculate the remainder when 1426 is divided by 1412.
14
Calculate the remainder when 73274 is divided by 36637.
0
Calculate the remainder when 719526 is divided by 374.
324
Calculate the remainder when 49371 is divided by 192.
27
What is the remainder when 28614 is divided by 7083?
282
What is the remainder when 3659074 is divided by 18?
16
What is the remainder when 457462 is divided by 49?
47
Calculate the remainder when 173298 is divided by 28881.
12
Calculate the remainder when 8301 is divided by 19.
17
Calculate the remainder when 1695 is divided by 50.
45
What is the remainder when 3400 is divided by 3?
1
Calculate the remainder when 17001 is divided by 54.
45
What is the remainder when 5715 is divided by 71?
35
Calculate the remainder when 62717 is divided by 30.
17
Calculate the remainder when 5368 is divided by 1443.
1039
Calculate the remainder when 51772 is divided by 23.
22
Calculate the remainder when 1391138 is divided by 106.
100
Calculate the remainder when 1225664 is divided by 221.
219
Calculate the remainder when 16994 is divided by 1888.
2
What is the remainder when 1805 is divided by 1805?
0
Calculate the remainder when 6626 is divided by 957.
884
Calculate the remainder when 20009 is divided by 5.
4
What is the remainder when 3199 is divided by 89?
84
What is the remainder when 977 is divided by 938?
39
What is the remainder when 39137 is divided by 20?
17
Calculate the remainder when 16561 is divided by 4138.
9
Calculate the remainder when 943 is divided by 246.
205
What is the remainder when 1310 is divided by 1102?
208
What is the remainder when 75840 is divided by 18959?
4
What is the remainder when 21077 is divided by 46?
9
What is the remainder when 952 is divided by 214?
96
What is the remainder when 4749 is divided by 38?
37
Calculate the remainder when 7774 is divided by 925.
374
What is the remainder when 47640 is divided by 120?
0
What is the remainder when 15320 is divided by 44?
8
What is the remainder when 3343 is divided by 476?
11
Calculate the remainder when 38740 is divided by 41.
36
What is the remainder when 40887 is divided by 3717?
0
Calculate the remainder when 33396 is divided by 11107.
75
What is the remainder when 3321 is divided by 257?
237
Calculate the remainder when 67885 is divided by 2.
1
Calculate the remainder when 2301 is divided by 182.
117
Calculate the remainder when 5365 is divided by 1072.
5
Calculate the remainder when 1777 is divided by 233.
146
Calculate the remainder when 9627 is divided by 112.
107
Calculate the remainder when 654 is divided by 327.
0
Calculate the remainder when 12659 is divided by 4173.
140
Calculate the remainder when 50014 is divided by 165.
19
Calculate the remainder when 5874 is divided by 38.
22
What is the remainder when 1591644 is divided by 43?
42
Calculate the remainder when 5907 is divided by 369.
3
Calculate the remainder when 6850 is divided by 1632.
322
Calculate the remainder when 22754 is divided by 44.
6
Calculate the remainder when 5671 is divided by 5564.
107
What is the remainder when 525739 is divided by 462?
445
What is the remainder when 18094 is divided by 232?
230
Calculate the remainder when 2639 is divided by 91.
0
What is the remainder when 3021 is divided by 598?
31
Calculate the remainder when 51079 is divided by 148.
19
What is the remainder when 9148 is divided by 678?
334
What is the remainder when 138464 is divided by 21?
11
Calculate the remainder when 23425 is divided by 450.
25
What is the remainder when 119498 is divided by 11?
5
Calculate the remainder when 430146 is divided by 2444.
2
Calculate the remainder when 61